, what is -10 - -13013111330033?
13013111330023
In base 4, what is -31213202 - 12222?
-31232030
In base 8, what is -1351 - 205230?
-206601
In base 8, what is 57 + 247106?
247165
In base 15, what is 2696 + -13?
2683
In base 6, what is -21 + -223323500?
-223323521
In base 5, what is 202021 + 3314?
210340
In base 3, what is 10012020220210 - -2010?
10012020222220
In base 10, what is -19 - 1200444?
-1200463
In base 9, what is -2132 + 72222?
70080
In base 13, what is -10 + 75a11?
75a01
In base 16, what is -4 + 8ce8a6b?
8ce8a67
In base 5, what is -4 - -141114301130?
141114301121
In base 5, what is -22 + 1004011042?
1004011020
In base 8, what is 3535 - 7456?
-3721
In base 2, what is 10 + 1001111111010111100101111?
1001111111010111100110001
In base 16, what is -2516f - 36?
-251a5
In base 7, what is 226500036 - -31?
226500100
In base 4, what is 3 + -1132132233222?
-1132132233213
In base 15, what is 46 + 2ac2b8?
2ac30e
In base 9, what is 12646 + 51212?
63858
In base 5, what is -2314 + 4001020?
3443201
In base 12, what is -3147 - -a345?
71ba
In base 8, what is -154452 - -11070?
-143362
In base 11, what is -4 - -2225117?
2225113
In base 7, what is 0 - 13055536?
-13055536
In base 14, what is 305 - -420d9?
42400
In base 6, what is 332402 + -1320?
331042
In base 8, what is -11511463 + -2?
-11511465
In base 9, what is -155 + 13348?
13183
In base 4, what is -23233000 + 32?
-23232302
In base 15, what is 49 + -841da?
-84191
In base 8, what is 446 + -230151?
-227503
In base 12, what is -1a259 - 692?
-1a92b
In base 10, what is 21796654 + 1?
21796655
In base 14, what is c - 108d53?
-108d45
In base 11, what is 26143986 - -1?
26143987
In base 12, what is -5 - b78400?
-b78405
In base 3, what is -21111 + 10021112202102?
10021112110221
In base 12, what is 8609b - 3?
86098
In base 11, what is -3 + 112357586?
112357583
In base 2, what is -10000110011101 + 111001?
-10000101100100
In base 9, what is 67438 - -10073?
77522
In base 9, what is -5211822 - 113?
-5212035
In base 11, what is 2 + 5a5387?
5a5389
In base 12, what is 9bb4877 - a?
9bb4869
In base 13, what is 5447b2 + -6?
5447a9
In base 16, what is 7b2b6 - 11?
7b2a5
In base 6, what is -32405 - -4253?
-24112
In base 16, what is -bd25bb9 + 5?
-bd25bb4
In base 10, what is -9365 + -36541?
-45906
In base 12, what is 53b + 30134?
30673
In base 10, what is 1 - -234657?
234658
In base 10, what is 176989265 - -2?
176989267
In base 9, what is -81 + -165604?
-165685
In base 3, what is 212121020110010 + -10?
212121020110000
In base 13, what is -4656291 + -33?
-46562c4
In base 15, what is -a47 - -2bda?
2193
In base 7, what is 26 - 646324?
-646265
In base 12, what is 2 + 364359?
36435b
In base 3, what is 1222122011 - 11122?
1222110112
In base 4, what is 3212323000 + 200?
3212323200
In base 8, what is 13566 - 204?
13362
In base 5, what is -120114 - -323240?
203121
In base 4, what is -333123322 - 1203?
-333131131
In base 2, what is 101 + -111011110111110111100100?
-111011110111110111011111
In base 13, what is -4 - -4cc122b?
4cc1227
In base 8, what is 2 - -2676507505?
2676507507
In base 3, what is -100202000 + 2102021?
-21022202
In base 3, what is -12 - 101101121101?
-101101121120
In base 16, what is -4 + 42e304?
42e300
In base 8, what is 1256 + 203022?
204300
In base 5, what is 12404 + 4331?
22240
In base 5, what is -104 - -1020342010?
1020341401
In base 14, what is -5 + 39687c9?
39687c4
In base 8, what is -100516747 + -2?
-100516751
In base 5, what is -30301 - 111024?
-141330
In base 16, what is 2ed - 25c?
91
In base 14, what is 24808 + -218?
245d0
In base 5, what is 2 - -3224324?
3224331
In base 16, what is cc78 - 581?
c6f7
In base 11, what is 221 - -72209?
7242a
In base 10, what is 47492729 - 3?
47492726
In base 9, what is 4 + -3741084?
-3741080
In base 14, what is -b28 + 108d?
365
In base 6, what is 42532403 - -212?
42533015
In base 2, what is -1111100111001001010001101 - 0?
-1111100111001001010001101
In base 10, what is 103 - -78834?
78937
In base 14, what is -3 - -1114c189?
1114c186
In base 5, what is 43 - 11342202?
-11342104
In base 4, what is -32121130 - 132010?
-32313200
In base 5, what is 4 + -3300123400?
-3300123341
In base 5, what is 30 + 304443413?
304443443
In base 8, what is 1 - 6346744?
-6346743
In base 11, what is -18 - 362654?
-362671
In base 14, what is -10c57 - 85?
-10cdc
In base 5, what is 2 + -43320012201?
-43320012144
In base 7, what is 0 - 154102251?
-154102251
In base 10, what is 2 + -184301?
-184299
In base 12, what is -17a80b + -88?
-17a897
In base 7, what is -36115320 + 1?
-36115316
In base 8, what is -113 + 430523?
430410
In base 8, what is 16325360 + -4?
16325354
In base 5, what is -22040 + -21213?
-43303
In base 15, what is -7be0 - -378?
-7867
In base 9, what is -1607 - 6006?
-7614
In base 10, what is 2541 - 4155?
-1614
In base 7, what is -2 - 45161113?
-45161115
In base 13, what is 76 + 7a1091?
7a1137
In base 16, what is 462 + 936ce?
93b30
In base 2, what is 1100000011 + 1110000110011?
1111100110110
In base 2, what is -11100110110111 - -1000110110100?
-10100000000011
In base 8, what is -25735311 - -125?
-25735164
In base 2, what is -100000111111001110110 - 11?
-100000111111001111001
In base 14, what is 189 - -2c0cc?
2c277
In base 9, what is -2320 + -641?
-3061
In base 13, what is -25110 + a2?
-2503b
In base 11, what is -5 + 839442?
839438
In base 7, what is -2020 + 355602?
353552
In base 12, what is 0 + -a82b0384?
-a82b0384
In base 10, what is -5 + 16812649?
16812644
In base 8, what is 2724 - 4400?
-1454
In base 5, what is 10301332044 + 3?
10301332102
In base 8, what is -144 - -170320?
170154
In base 3, what is -10 + 1001000201201?
1001000201121
In base 13, what is -81 - -1ac87?
1ac06
In base 14, what is 4 - 2aad51?
-2aad4b
In base 16, what is c - b8404?
-b83f8
In base 9, what is 1331 - -10713?
12144
In base 6, what is 3 + 134055314?
134055321
In base 13, what is -3 - -6835cb5?
6835cb2
In base 7, what is 266 - -211260?
211556
In base 10, what is 2853500 - 15?
2853485
In base 6, what is 111301 + -3202?
104055
In base 11, what is 1 - 11215?
-11214
In base 16, what is -5d95cb3 + -1?
-5d95cb4
In base 13, what is -1810302 - 8?
-181030a
In base 15, what is 312 - 38236?
-37e24
In base 5, what is 230112 - 4123?
220434
In base 15, what is -a1 + -13bee3?
-13c094
In base 2, what is 1000000001001111010110011 + -1001?
1000000001001111010101010
In base 8, what is -5 + -1240405070?
-1240405075
In base 13, what is -264b6 - 44c?
-26935
In base 8, what is -6 + 6575135?
6575127
In base 14, what is 1616c2c2 + -1?
1616c2c1
In base 5, what is 121010410111 - -3?
121010410114
In base 4, what is 1103003 - 30113?
1012230
In base 5, what is -142214102 - -24?
-142214023
In base 14, what is 534 - -78cd?
8023
In base 4, what is -1223323 + -11311?
-1301300
In base 3, what is -12121220 + -222121?
-20121111
In base 2, what is 101100001011110100 - -1?
101100001011110101
In base 16, what is 1 - -37d79?
37d7a
In base 14, what is a3d622 - -2?
a3d624
In base 3, what is -102002212221000 - 1000?
-102002212222000
In base 15, what is -9436676 + -2?
-9436678
In base 5, what is 2110 - 421?
1134
In base 13, what is a2 + -a4013?
-a3c41
In base 13, what is -50b7cb + 1?
-50b7ca
In base 7, what is 251433 - -1401?
253134
In base 7, what is 54 + -30444340?
-30444253
In base 4, what is 10233313020 - 10202?
10233302212
In base 12, what is 1164b3 - 50?
116463
In base 7, what is 3 - -2411143451?
2411143454
In base 12, what is 2 - -5a3b4b5?
5a3b4b7
In base 2, what is -1001001011110 - -10011110111?
-110101100111
In base 9, what is -3 + -705620?
-705623
In base 7, what is -6 + -15440120?
-15440126
In base 5, what is -141314100 + 1333?
-141312212
In base 2, what is 11010000000100011001 - 110001?
11010000000011101000
In base 11, what is -21059 - 59?
-21107
In base 12, what is -472 + 242ba?
23a48
In base 3, what is -12 - 10200021221120?
-10200021221202
In base 13, what is -65714 - 31?
-65745
In base 14, what is 314 + -10c14?
-10900
In base 9, what is 5 + -23578552?
-23578546
In base 6, what is 5 - 3340233240?
-3340233231
In base 12, what is 26088 - 29?
2605b
In base 16, what is -5ee + -148e?
-1a7c
In base 4, what is -12103112 + 213033?
-11230013
In base 12, what is 104 - -90621?
90725
In base 8, what is 3 + -11226234?
-11226231
In base 6, what is -3 + -1051330?